331021?
-1003032
In base 2, what is 111111110001011 + 11001011111010?
1011001010000101
In base 2, what is 101110000 - -1101010110010000?
1101011100000000
In base 7, what is -230323 + -121?
-230444
In base 2, what is 1010110001011101010011001 - 111?
1010110001011101010010010
In base 10, what is 55 + 19801?
19856
In base 3, what is 111 - -1212121012210?
1212121020021
In base 13, what is 123 + 34a05?
34b28
In base 9, what is -268 + 2062182?
2061813
In base 6, what is 120421323 + -23?
120421300
In base 16, what is c070 + -91?
bfdf
In base 11, what is 3 - -4722011?
4722014
In base 10, what is 90 - -110160?
110250
In base 3, what is 1012 - -212202212020221?
212202212022010
In base 14, what is 236 + 2c724?
2c95a
In base 15, what is 15 + 20573dd?
2057403
In base 10, what is 2375839 - -53?
2375892
In base 11, what is 560 + 1781?
2231
In base 2, what is 11101110110 + 101011001000101?
101110110111011
In base 5, what is 4 + -2022133332?
-2022133323
In base 3, what is -2011020101210201002 + 2?
-2011020101210201000
In base 11, what is -1054 - -4923?
387a
In base 13, what is 1a + -11c628?
-11c60b
In base 4, what is -103 - 131320333203?
-131320333312
In base 16, what is e + -17d8f7d?
-17d8f6f
In base 13, what is -1999 + -35a5a?
-37726
In base 12, what is -1557b9 - 98?
-155895
In base 15, what is 2 - -10e2383e?
10e23841
In base 2, what is 11011000100001011110111111 + -1010?
11011000100001011110110101
In base 3, what is 11222122 + 20100202022?
20112201221
In base 9, what is 4 + -2377042?
-2377037
In base 3, what is 1010 + 1222102211201?
1222102212211
In base 2, what is 1011100 + 10111111001001000?
10111111010100100
In base 14, what is -2982 - -444?
-253c
In base 16, what is -306be32 - 9?
-306be3b
In base 11, what is 738 - 7335?
-66a8
In base 9, what is 4 - -8145254?
8145258
In base 5, what is 32 - 3010130201?
-3010130114
In base 16, what is 6c37 + -101d?
5c1a
In base 9, what is 110641 + 271?
111022
In base 8, what is 6 - 404016005?
-404015777
In base 2, what is 100011 - -1001111100001111111?
1001111100010100010
In base 8, what is -510447 + -10?
-510457
In base 2, what is -111000001100 + -100101101?
-111100111001
In base 6, what is 151200244 + -1?
151200243
In base 9, what is -1183773 + -33?
-1183816
In base 13, what is 12564 + -3c22?
b642
In base 9, what is 12 + 1246607?
1246620
In base 5, what is 4043124223 + 3?
4043124231
In base 10, what is -190451 + 1773?
-188678
In base 8, what is -1 + -253110150?
-253110151
In base 10, what is 132 + -33980?
-33848
In base 3, what is -1112 - 2211120010022?
-2211120011211
In base 6, what is 2 + 15254021?
15254023
In base 9, what is -3 + -13443575?
-13443578
In base 16, what is -134 - 1fffb9?
-2000ed
In base 13, what is -47228 - 7?
-47232
In base 11, what is 6693181 - -5?
6693186
In base 4, what is 13020 + -3232313?
-3213233
In base 16, what is -3c + 86fe95?
86fe59
In base 14, what is -2c8 - -242d?
2145
In base 11, what is -4 + 350707?
350703
In base 5, what is 22 + -130404341?
-130404314
In base 3, what is 110000202 - -1222?
110002201
In base 2, what is -11101100101000111110001000 + 1001?
-11101100101000111101111111
In base 16, what is -f8a967 - -3?
-f8a964
In base 12, what is 4 - 496a536?
-496a532
In base 16, what is -1a48c + -2f1?
-1a77d
In base 3, what is 212111212102200 + -21?
212111212102102
In base 11, what is -5 - -10867a57?
10867a52
In base 11, what is 3 - -157a7139?
157a7141
In base 16, what is a9df2 - -d?
a9dff
In base 12, what is -7b - 1b433?
-1b4b2
In base 4, what is 113322213 + 31?
113322310
In base 7, what is -4 + 221043?
221036
In base 16, what is f8 + 10ee1?
10fd9
In base 9, what is -12 - 24718530?
-24718542
In base 2, what is -101 - -1101000101011101001011?
1101000101011101000110
In base 16, what is ec9 + 785?
164e
In base 14, what is -b53 + 70041?
6d2cc
In base 8, what is 3477 - -15244?
20743
In base 6, what is -5324500134 - -4?
-5324500130
In base 3, what is -11211102 + 22121221112?
22110010010
In base 15, what is -16 + a878bc?
a878a6
In base 11, what is -3868 - -30050?
27293
In base 7, what is 2 + 101543363?
101543365
In base 14, what is 2 - -24a25a?
24a25c
In base 13, what is -2996583 + -1?
-2996584
In base 10, what is -32264 - -12?
-32252
In base 15, what is 331981 + -122?
33185e
In base 6, what is -4003 + -541124?
-545131
In base 10, what is 1767 - -16308?
18075
In base 6, what is 540115123 + 30?
540115153
In base 2, what is -1010010000001100001 - -111001?
-1010010000000101000
In base 6, what is 4 - -325314113?
325314121
In base 6, what is 2333 - 22022344?
-22020011
In base 7, what is 1426461331 - -4?
1426461335
In base 11, what is -29505333 - -1?
-29505332
In base 8, what is 14427 + -33771?
-17342
In base 7, what is -141 - -31521162?
31521021
In base 15, what is 0 - 6a9e4a8?
-6a9e4a8
In base 16, what is -129 - -57393?
5726a
In base 16, what is 17b - -4903a?
491b5
In base 7, what is -33112 - -14226?
-15553
In base 2, what is 100101001111010000111111111 - 1100?
100101001111010000111110011
In base 4, what is -30 - 1013321311?
-1013322001
In base 10, what is 20878 + 312?
21190
In base 13, what is 3901a9ca + -4?
3901a9c6
In base 2, what is -101 - 111110010011001000110101?
-111110010011001000111010
In base 14, what is -73a282 + 2?
-73a280
In base 2, what is -10010011111000011011101001 - 10?
-10010011111000011011101011
In base 12, what is 142 + -16853?
-16711
In base 14, what is -4a7595 - -5?
-4a7590
In base 12, what is 1300b4 - 208?
12baa8
In base 13, what is 15aa9b1 - -2?
15aa9b3
In base 10, what is 4 + 189404197?
189404201
In base 10, what is 86211991 + 5?
86211996
In base 12, what is -2 - -302520?
30251a
In base 3, what is 20202221 - -1100?
20211021
In base 2, what is -10110010111100111010111 + 10111100?
-10110010111100100011011
In base 5, what is -301 + 214211?
213410
In base 3, what is -101 - -202222022122?
202222022021
In base 2, what is 1011010110110110001001111 - 0?
1011010110110110001001111
In base 14, what is -b84d - -98?
-b795
In base 6, what is -152122 - 4244?
-200410
In base 3, what is 2 - 102020102220002?
-102020102220000
In base 2, what is 111 + 10101111010101101001?
10101111010101110000
In base 13, what is -178 + cb0?
b35
In base 10, what is -863 + 162652?
161789
In base 3, what is -12 - 2201112111121111?
-2201112111121200
In base 9, what is 515 - -200017?
200533
In base 15, what is 52 + 5640e3?
564145
In base 7, what is -104 + 23024564?
23024460
In base 12, what is 3 - 50847307?
-50847304
In base 14, what is 292852 - 47?
292809
In base 4, what is -1323100133002 - 2?
-1323100133010
In base 10, what is -233274 + -30?
-233304
In base 2, what is 11011101000101010101000 + -11?
11011101000101010100101
In base 4, what is -11 - 20223133321?
-20223133332
In base 12, what is -9 - -75818a8?
758189b
In base 11, what is 287a960a + 5?
287a9614
In base 13, what is -230c + -194?
-24a3
In base 16, what is -1b05 + 520e?
3709
In base 15, what is 59071c - 2d?
5906de
In base 15, what is a1 + -1020?
-e6e
In base 5, what is 1010332 + 1432114?
2443001
In base 6, what is 0 - -140131505?
140131505
In base 5, what is 102 + 40100422?
40101024
In base 9, what is 4 + 188040183?
188040187
In base 14, what is a9ac4b + 9?
a9ac56
In base 7, what is -16622 + -1?
-16623
In base 3, what is 1110121112122 + -12?
1110121112110
In base 12, what is -28 - -82714?
826a8
In base 8, what is 1423131 + -55?
1423054
In base 13, what is -b + 3084a?
3083c
In base 2, what is -11000 - -1010011001001101?
1010011000110101
In base 16, what is 3f - -eefc1?
ef000
In base 5, what is 20044 - 13111412?
-13041313
In base 13, what is 594a8 - 4?
594a4
In base 9, what is -323 - -78328?
78005
In base 9, what is 17854 - -223150?
242114
In base 5, what is 4 + 2110340200?
2110340204
In base 13, what is -249 - -706b?
6b22
In base 16, what is cbb - -1ca?
e85
In base 6, what is -1105251 - -1312?
-1103535
In base 3, what is -11 - -1022222222212020?
1022222222212002
In base 6, what is 11 - 4150313414?
-4150313403
In base 12, what is 1b967429 - -1?
1b96742a
In base 12, what is -32408 - 8bb4?
-3b400
In base 16, what is 7d + 1019?
1096
In base 5, what is -10 - -3330040141?
3330040131
In base 3, what is 1101 + 2?
1110
In base 10, what is -7 - -63943?
63936
In base 2, what is 11 + -10101111101110101111011110?
-10101111101110101111011011
In base 13, what is 3 + -